 2*b**2. Calculate the remainder when a(9) is divided by 15.
13
Suppose -4*z = -0*z. Suppose -2*p - 2*p + 80 = z. Calculate the remainder when 77 is divided by p.
17
Let v = 16 + 54. Suppose -v = -5*i - 0*k - 3*k, -4*i - k + 49 = 0. Let l(s) = -3*s - 3. What is the remainder when i is divided by l(-3)?
5
Suppose -3*s + 6 = -15. Suppose -17 = 2*r - s*r + 3*m, 2*m = -2*r + 10. Calculate the remainder when 6 is divided by r.
2
Let f(i) = i**2 - i - 12. Calculate the remainder when 23 is divided by f(5).
7
Let r(b) = -b - 10*b**3 + 11*b**3 + 2*b**2 - b**2. What is the remainder when 37 is divided by r(2)?
7
Suppose -8 = -4*l - 0*l. Suppose -q = l*q - 51. What is the remainder when 33 is divided by q?
16
Suppose 4*p + 48 = 4*z - 0*p, -5*z = -2*p - 48. What is the remainder when 13 is divided by z?
5
Let v = -203 - -296. What is the remainder when v is divided by 24?
21
Let d(b) be the first derivative of -3*b**4/4 - 2*b**3/3 + b**2 + 3*b - 6. What is the remainder when d(-2) is divided by 9?
6
What is the remainder when 174*((-20)/(-8) - 2) is divided by 13?
9
Let s(f) = -f - 13. What is the remainder when s(-15) is divided by 2?
0
Let j = -51 + 68. Let b = -2 + 11. Calculate the remainder when j is divided by b.
8
Let t = -36 - -51. Suppose -3*q + 0 = -27. Calculate the remainder when t is divided by q*(-6)/(-9) - -2.
7
Let z be (-2)/4*-2*3. Suppose -2 = -2*c, -z*y + 3*c = y + 11. Let b = 3 - y. What is the remainder when 8 is divided by b?
3
Suppose 11*m - 64 = 310. Calculate the remainder when m is divided by (-82)/(-7) - 4/(-14).
10
Let m(y) = -4*y - 23. Let u be m(-10). Let v(i) = -4*i - 1. Calculate the remainder when 6*3/6 + u is divided by v(-3).
9
Calculate the remainder when 20 is divided by (3/2)/(57/190).
0
Suppose -4*n - 4 = -l - 205, 4*l + 4 = 0. Calculate the remainder when n is divided by (-1 + 2)/((-9)/(-234)).
24
Suppose 5*g = 4*g. Suppose q - 3 = -g. What is the remainder when 7 is divided by q?
1
Let j be -1 + 5 - 30/(-10). Suppose -3*v + j*v = 32. Calculate the remainder when v is divided by -2*3*(-1)/2.
2
Let v = 13 - 11. Suppose -y = v*c - 20, 0 = 3*c - 3*y + 5*y - 28. What is the remainder when -1 + -1 - 1*-49 is divided by c?
11
Suppose -2*n + 90 = n. Suppose o + 4*o = 80. Calculate the remainder when n is divided by o.
14
Let f(b) = -b + 5. Suppose 4*p = p. What is the remainder when 8 is divided by f(p)?
3
Let w = 8 - 5. What is the remainder when 13 is divided by w?
1
Suppose -414*s = -417*s + 42. Let y = 81 + -55. What is the remainder when y is divided by s?
12
Let m(o) = -o**3 - o**2 - 4*o. What is the remainder when 58 is divided by m(-3)?
28
Let m = 28 + 19. Suppose m + 5 = 4*x. Let k = -48 + 85. What is the remainder when k is divided by x?
11
Let g = 203 - 124. Calculate the remainder when g is divided by 20.
19
Suppose -4*q + 9*q - 165 = 0. Calculate the remainder when 65 is divided by q.
32
Suppose -56 = -5*u + 29. Calculate the remainder when 50 is divided by u.
16
Calculate the remainder when (-8 - -7)/((-1 + 4)/(-33)) is divided by 7.
4
Let p = -9 - -27. What is the remainder when 87 is divided by p?
15
Suppose -4*g + 2*n + 24 = -n, -4*g - n = -8. Suppose -g*j + 6 = 48. Let q = 34 + j. Calculate the remainder when 39 is divided by q.
19
Let s(z) = z**3 + 6*z**2 - 11*z - 13. What is the remainder when s(-6) is divided by 4?
1
Let u(x) = -x**3 - 3*x**2 - x + 4. Calculate the remainder when 93 is divided by u(-4).
21
Let q = -4 + 18. Suppose -11*r + 3*r = -200. What is the remainder when r is divided by q?
11
Let g(y) = -y**3 + 3*y**2 - 2. Let f be g(2). Suppose -3*o + f*d + 50 = 0, o - 80 = -2*o - 4*d. Calculate the remainder when 79 is divided by o.
19
Suppose -12*h + 21*h = 45. What is the remainder when 13 is divided by h?
3
Let g(u) = -u**2 - 18*u + 21. Suppose 74 = -4*h + 5*n, 28 = -3*h + h - 2*n. Calculate the remainder when g(h) is divided by 18.
17
Let d(t) = 6*t. Let o(a) be the second derivative of a**4/6 + 2*a**3/3 + 3*a**2/2 - 4*a. Let j be o(-2). What is the remainder when d(j) is divided by 10?
8
Suppose -4*g + 4*m + 157 + 55 = 0, -m + 253 = 5*g. Let c = g + -28. What is the remainder when 45 is divided by c?
22
Suppose -1 + 3 = a. Let v = -7 - -13. Let q = v + a. Calculate the remainder when 14 is divided by q.
6
What is the remainder when 76 is divided by 3/(-8) + 315/8?
37
Let u(c) = 9*c**3 - c**2 + 1. Let f be u(-1). What is the remainder when 6/f - 168/(-9) is divided by 7?
4
Let y(w) = w**2 - 3*w - 8. Suppose 0*c + c + 4 = -5*q, -3*q = 3*c - 12. Calculate the remainder when (1 + 1)/(2/28) is divided by y(c).
8
Let x = -1 - -4. Suppose -z - 22 = -x*z. What is the remainder when 30 is divided by z?
8
Calculate the remainder when 13 is divided by 3*8/(-36)*(-21)/2.
6
Calculate the remainder when -4 - (-2 - (-20)/(-4)) is divided by 1.
0
Let y = 69 + -39. Calculate the remainder when 88 is divided by y.
28
Suppose 0 = 8*q - 12*q + 36. Calculate the remainder when q is divided by 5.
4
Let q(w) = 3*w**2 - 2*w. Calculate the remainder when 37 is divided by q(2).
5
Let p(f) = -f**2 - 8*f + 2. Let c be 1 - (10 - (-1 - -2)). Let z be p(c). Suppose 0*o - 34 = -z*o. What is the remainder when o is divided by 6?
5
Let m be 6/8*(13 - 1). Suppose -m = -i + 7. What is the remainder when i is divided by 6?
4
Suppose -5*j + 9 + 1 = 0. Suppose 3*p + j*p - 2*q = 164, -4*q + 120 = 4*p. Calculate the remainder when p is divided by ((-11)/(-4))/((-1)/(-4)).
10
Suppose -4*f + 30 = -5*x, 0*f - 5*x - 15 = -f. Calculate the remainder when f is divided by 1.
0
Let f(c) = c**2 - 6*c + 7. Let r be f(5). Suppose i + r*h = h + 7, -h - 3 = -4*i. Suppose 0*y + 20 = i*y. Calculate the remainder when 19 is divided by y.
9
Suppose r = 2 + 3. Suppose -52 = -3*p + 4*h, 2*p - h + r*h = 8. Calculate the remainder when 35 is divided by p.
11
Let t = 26 - 13. Suppose 4*k - 3*k - t = 0. What is the remainder when k is divided by 7?
6
Suppose -3*x = -5*x - 2*q - 6, -2*x - q = 1. Suppose 4*s + x*o = 80, -3*s + 6*o + 71 = 2*o. Calculate the remainder when s is divided by 11.
10
Let h(k) = 12*k - 4. Let q(r) = -11*r + 3. Let j(a) = 4*h(a) + 5*q(a). Let b be j(-1). Let m = 11 - b. What is the remainder when m is divided by 2?
1
Suppose -2*k = p + 3 + 3, 4*p + 4*k = -4. Suppose -26 = -3*y - i, -p*y - i = -3*i - 38. What is the remainder when 16 is divided by y?
7
Suppose 0 = -5*b + 26 - 11. Let o be 0/3*(-1 - 0). Calculate the remainder when 4 + 6 - (2 + o) is divided by b.
2
Suppose 5*s + 64 = s + 3*h, 3*s - h + 48 = 0. Let m = s - -17. What is the remainder when m is divided by 1?
0
Suppose -5*g - 19 = 1. Let w = -1 - g. Suppose t = -2*a + 25, 39 = w*a - 0*a + 2*t. Calculate the remainder when a is divided by 4.
3
Suppose 0 = -6*f + 16*f - 20. Calculate the remainder when f is divided by 2.
0
Suppose 100 = 3*w - 26. Calculate the remainder when w is divided by 22.
20
Let q(w) = -9*w**3 - w**2 - 2*w - 1. Suppose 3*g = 6*g + 3. What is the remainder when 17 is divided by q(g)?
8
Suppose 4*j + 267 = 3*r, 2*r + 3*j - 106 = 89. Calculate the remainder when r is divided by 24.
21
Let d = 4 + -3. Calculate the remainder when 17 is divided by -3 - -8*d - -1.
5
Let o(q) be the first derivative of q**3 + 3*q**2 - 2*q - 2. Let z(x) = -9*x - 3. What is the remainder when o(4) is divided by z(-3)?
22
Let s = 0 + -3. What is the remainder when 22 is divided by (2 + s)/(3/(-36))?
10
Let a(d) = -d**3 - 10*d**2 - 10*d + 11. Calculate the remainder when a(-9) is divided by 11.
9
Suppose 111 = 12*y - 153. What is the remainder when y is divided by 13?
9
Suppose -s = -0*s. Suppose -q + 2*q - 11 = s. Suppose -w - w + 64 = 0. What is the remainder when w is divided by q?
10
Let k = 87 - 70. What is the remainder when k is divided by 9?
8
Let x(l) = 4*l**2 + 11*l + 10. Calculate the remainder when x(-4) is divided by 17.
13
Let b = 5 - 3. Let k be (-5)/(((-9)/(-3))/(-3)). Suppose -2 - 3 = -k*t. Calculate the remainder when b is divided by t.
0
Suppose -2*z - 3*d = -10 - 11, -4*z + 36 = 4*d. What is the remainder when 20 is divided by z?
2
Suppose -72 = -12*q + 8*q. Calculate the remainder when 46 is divided by q.
10
Calculate the remainder when (-3)/1*732/(-36) is divided by 31.
30
Let u(a) = a + 9. Let k be u(-7). Calculate the remainder when (-249)/(-6) 